{"id":21,"date":"2015-11-09T19:49:29","date_gmt":"2015-11-09T19:49:29","guid":{"rendered":"http:\/\/harvest.edu\/wpspanish\/?page_id=21"},"modified":"2020-10-12T22:29:37","modified_gmt":"2020-10-12T22:29:37","slug":"cursos","status":"publish","type":"page","link":"https:\/\/harvest.edu\/wpspanish\/cursos\/","title":{"rendered":"CURSOS"},"content":{"rendered":"<p><img loading=\"lazy\" class=\"alignrightnobdr alignright wp-image-381 size-full\" src=\"https:\/\/harvest.edu\/wpspanish\/wp-content\/uploads\/2015\/11\/edy300x450globesp.png\" alt=\"edy300x450globesp\" width=\"300\" height=\"410\" srcset=\"https:\/\/harvest.edu\/wpspanish\/wp-content\/uploads\/2015\/11\/edy300x450globesp.png 300w, https:\/\/harvest.edu\/wpspanish\/wp-content\/uploads\/2015\/11\/edy300x450globesp-220x300.png 220w\" sizes=\"(max-width: 300px) 100vw, 300px\" \/><\/p>\n<p style=\"text-align: justify;\"><span style=\"margin-left: 24px;\">El<\/span> Se\u00f1or ha bendecido a la Universidad B\u00edblica Harvest con un excepcional equipo de maestros, haciendo cada clase vibrante y llena de vida. Conforme usted revisa la descripci\u00f3n de cursos, podr\u00e1 darse cuenta de lo que aprender\u00e1 en cada clase, cada uno representa una gran experiencia en la Palabra Viva.<\/p>\n<h2 style=\"text-align: justify;\"><span style=\"color: #263997;\">Horario<\/span><\/h2>\n<p style=\"text-align: justify;\"><span style=\"margin-left: 24px;\">La<\/span> mayor\u00eda de los cursos se llevan a cabo por la noche durante d\u00edas entre semana, aunque algunos seminarios se llevan a cabo tambi\u00e9n el d\u00eda s\u00e1bado. Toda clase se re\u00fane s\u00f3lo una vez a la semana. El calendario actual con el horario de cursos es impreso cada trimestre y puede obtenerse en las oficinas de la universidad.<\/p>\n<h2 style=\"text-align: justify;\"><span style=\"color: #263997;\">El Sistema Trimestral<\/span><\/h2>\n<p style=\"text-align: justify;\"><span style=\"margin-left: 24px;\">Tradicionalmente<\/span> un a\u00f1o escolar son dos semestres, sin embargo hoy d\u00eda algunas universidades tienen tres \u201ctrimestres\u201d en vez de dos semestres. Harvest opera conforme al sistema trimestral, el cual brinda tres oportunidades para que los estudiantes comienzen los cursos cada a\u00f1o. Hay 11 semanas escolares en un trimestre, haciendo un total de 33 semanas en un a\u00f1o escolar t\u00edpico. Cada curso logra dos unidades de cr\u00e9dito por trimestre. Los estudiantes de tiempo completo toman 12-16 unidades por trimestre. La conversi\u00f3n de las unidades de cr\u00e9dito se hace entre el semestre y el sistema trimestral de la siguiente manera: Una unidad semestral equivale a: 11\/2 unidad trimestral. Una unidad trimestral equivale a: 2\/3 partes de una unidad semestral.<\/p>\n<h2 style=\"text-align: justify;\"><span style=\"color: #263997;\">Unidades por Curso<\/span><\/h2>\n<p style=\"text-align: justify;\"><span style=\"margin-left: 24px;\">Cada<\/span> curso ofrece dos unidades de cr\u00e9dito por trimestre. Hay un n\u00famero en par\u00e9ntesis despu\u00e9s de la descripci\u00f3n de cada curso que indica el n\u00famero total de unidades otorgadas en ese curso en un a\u00f1o escolar. En otras palabras, (2 unidades) por curso de un trimestre; (4 unidades) por un curso de dos trimestres; y (6 unidades) por un curso de tres trimestres.<\/p>\n<h2 style=\"text-align: justify;\"><span style=\"color: #263997;\">Divisiones<\/span><\/h2>\n<p style=\"text-align: justify;\"><span style=\"margin-left: 24px;\">El<\/span> curr\u00edculo total de Harvest est\u00e1 dividido en grupos de 48 unidades cada uno, el cual puede ser completado en un a\u00f1o o m\u00e1s dependiendo del n\u00famero de unidades que el estudiante tome cada trimestre. Conforme completa cada grupo, el estudiante se hace acreedor de un certificado, diploma o t\u00edtulo como constancia de haber finalizado esa parte del curr\u00edculo. Los estudiantes que ingresan al programa de post-grado escoger\u00e1n graduarse bajo la Facultad de Teolog\u00eda o la Facultad de Estudios Interculturales.<\/p>\n<h2><span style=\"color: #263997;\">Descripci\u00f3n de Cursos<\/span><\/h2>\n<h3>\u2022 <a href=\"https:\/\/harvest.edu\/wpspanish\/departamento-de-la-biblia\/\">Departamento de Biblia<\/a><\/h3>\n<h3>\u2022 <a href=\"https:\/\/harvest.edu\/wpspanish\/departamento-de-teologia\/\">Departmento de Teolog\u00eda<\/a><\/h3>\n<h3>\u2022\u00a0<a href=\"https:\/\/harvest.edu\/wpspanish\/departamento-de-idiomas\/\">Departamento de Idiomas<\/a><\/h3>\n<h3>\u2022\u00a0<a href=\"https:\/\/harvest.edu\/wpspanish\/departamento-de-caracter\/\">Departamento de Car\u00e1cter<\/a><\/h3>\n<h3>\u2022\u00a0<a href=\"https:\/\/harvest.edu\/wpspanish\/ministerios-de-misericordia\/\">Departamento de Ministerio<\/a><\/h3>\n<h3>\u2022\u00a0<a href=\"https:\/\/harvest.edu\/wpspanish\/departamento-de-evangelismo\/\">Departamento de Evangelismo<\/a><\/h3>\n<h3>\u2022\u00a0<a href=\"https:\/\/harvest.edu\/wpspanish\/cursos-adicionales\/\">Cursos Adicionales<\/a><\/h3>\n","protected":false},"excerpt":{"rendered":"<p>El Se\u00f1or ha bendecido a la Universidad B\u00edblica Harvest con un excepcional equipo de maestros, haciendo cada clase vibrante y llena de vida. Conforme usted revisa la descripci\u00f3n de cursos, podr\u00e1 darse cuenta de lo que aprender\u00e1 en cada clase, cada uno representa una gran experiencia en la Palabra Viva. Horario La mayor\u00eda de los&#8230; <\/p>\n","protected":false},"author":1,"featured_media":11,"parent":0,"menu_order":0,"comment_status":"closed","ping_status":"closed","template":"page-full.php","meta":[],"_links":{"self":[{"href":"https:\/\/harvest.edu\/wpspanish\/wp-json\/wp\/v2\/pages\/21"}],"collection":[{"href":"https:\/\/harvest.edu\/wpspanish\/wp-json\/wp\/v2\/pages"}],"about":[{"href":"https:\/\/harvest.edu\/wpspanish\/wp-json\/wp\/v2\/types\/page"}],"author":[{"embeddable":true,"href":"https:\/\/harvest.edu\/wpspanish\/wp-json\/wp\/v2\/users\/1"}],"replies":[{"embeddable":true,"href":"https:\/\/harvest.edu\/wpspanish\/wp-json\/wp\/v2\/comments?post=21"}],"version-history":[{"count":19,"href":"https:\/\/harvest.edu\/wpspanish\/wp-json\/wp\/v2\/pages\/21\/revisions"}],"predecessor-version":[{"id":1196,"href":"https:\/\/harvest.edu\/wpspanish\/wp-json\/wp\/v2\/pages\/21\/revisions\/1196"}],"wp:featuredmedia":[{"embeddable":true,"href":"https:\/\/harvest.edu\/wpspanish\/wp-json\/wp\/v2\/media\/11"}],"wp:attachment":[{"href":"https:\/\/harvest.edu\/wpspanish\/wp-json\/wp\/v2\/media?parent=21"}],"curies":[{"name":"wp","href":"https:\/\/api.w.org\/{rel}","templated":true}]}}