{"id":26,"date":"2015-11-09T19:50:50","date_gmt":"2015-11-09T19:50:50","guid":{"rendered":"http:\/\/harvest.edu\/wpspanish\/?page_id=26"},"modified":"2017-11-19T19:38:36","modified_gmt":"2017-11-19T19:38:36","slug":"vida-de-estudiante","status":"publish","type":"page","link":"https:\/\/harvest.edu\/wpspanish\/vida-de-estudiante\/","title":{"rendered":"VIDA ESTUDIANTIL"},"content":{"rendered":"<h2 style=\"text-align: justify;\"><img loading=\"lazy\" class=\"alignright size-medium wp-image-9\" src=\"https:\/\/harvest.edu\/wpspanish\/wp-content\/uploads\/2015\/11\/IMG_73381_72-207x300.jpg\" alt=\"IMG_73381_72\" width=\"207\" height=\"300\" \/><span style=\"color: #263997;\">Responsabilidad del Estudiante<\/span><\/h2>\n<p style=\"text-align: justify;\"><span style=\"margin-left: 24px;\">La<\/span> universidad existe para servir a los estudiantes, desarrollando y enriqueciendo sus vidas. Por lo tanto, hacemos cuanto m\u00e1s se pueda para ayudar a cada estudiante a triunfar en la universidad y en su vida.<br \/>\n<span style=\"margin-left: 24px;\">Una<\/span> de las cualidades m\u00e1s importantes que una persona puede tener en la vida es la <i>iniciativa<\/i>, poder ver lo que se necesita hacer, hacerlo y terminarlo. Esta es una de las cualidades que m\u00e1s necesitan las personas hoy en d\u00eda y la causa de muchos de los problemas de la sociedad actual.<br \/>\n<span style=\"margin-left: 24px;\">En<\/span> la Universidad B\u00edblica Harvest, buscamos ayudar a los estudiantes a desarrollar el car\u00e1cter interno que les capacitar\u00e1 para ver lo que hace falta hacer en el mundo actual a trav\u00e9s de los ojos amorosos de Jesucristo, y entonces iniciar y completar importantes proyectos para El. Como parte de esta empresa, es importante que cada estudiante se d\u00e9 cuenta que \u00e9l o ella son responsables por su propio trabajo en la universidad. Nosotros haremos lo que podamos por ayudar, pero cada persona debe esforzarse para triunfar en completar su educaci\u00f3n: Desde el estudio de este cat\u00e1logo, los horarios de clase y otra informaci\u00f3n, asistiendo fielmente a las clases, haciendo el trabajo, tomando los ex\u00e1menes correspondientes, pagando su matr\u00edcula a tiempo, arre\u00adglando su horario de trabajo y clases; en fin, haciendo lo que sea necesario para completar lo emprendido fruct\u00edferamente.<br \/>\n<span style=\"margin-left: 24px;\"><i>De<\/i><\/span> manera que exhortamos a Tito para que tal como comenz\u00f3 antes, asimismo acabe tambi\u00e9n entre vosotros esta obra de gracia (2 Cor. 8:6).<\/p>\n<h2><span style=\"color: #263997;\">Vida Cristiana<\/span><\/h2>\n<p><strong>Aprendiendo la Biblia<\/strong><\/p>\n<p style=\"text-align: justify;\"><span style=\"margin-left: 24px;\">Esta<\/span> es una Universidad B\u00edblica. Todos hemos venido para aprender la Palabra de Dios. Estamos aqu\u00ed para sentarnos a escuchar a maestros que han sido ungidos para abrir las profundidades de la revelaci\u00f3n de Dios a nosotros (Lucas 24:32). Pero nada puede ser comparado con saber y escudri\u00f1ar la Biblia por ti mismo.<br \/>\n<i><img loading=\"lazy\" class=\"alignleft size-medium wp-image-10\" src=\"https:\/\/harvest.edu\/wpspanish\/wp-content\/uploads\/2015\/11\/IMG_34191-300x300.jpg\" alt=\"IMG_34191\" width=\"300\" height=\"300\" srcset=\"https:\/\/harvest.edu\/wpspanish\/wp-content\/uploads\/2015\/11\/IMG_34191-300x300.jpg 300w, https:\/\/harvest.edu\/wpspanish\/wp-content\/uploads\/2015\/11\/IMG_34191-100x100.jpg 100w, https:\/\/harvest.edu\/wpspanish\/wp-content\/uploads\/2015\/11\/IMG_34191-600x600.jpg 600w, https:\/\/harvest.edu\/wpspanish\/wp-content\/uploads\/2015\/11\/IMG_34191-150x150.jpg 150w, https:\/\/harvest.edu\/wpspanish\/wp-content\/uploads\/2015\/11\/IMG_34191-1024x1024.jpg 1024w, https:\/\/harvest.edu\/wpspanish\/wp-content\/uploads\/2015\/11\/IMG_34191.jpg 2048w\" sizes=\"(max-width: 300px) 100vw, 300px\" \/><span style=\"margin-left: 24px;\">Fueron<\/span> halladas Tus palabras, y yo las com\u00ed y Tus palabras me fueron por gozo y por alegr\u00eda de mi coraz\u00f3n; porque Tu nombre se invoc\u00f3 sobre m\u00ed, oh Jehov\u00e1 Dios de los ej\u00e9rcitos (Jerem\u00edas 15:16).<\/i><br \/>\n<span style=\"margin-left: 24px;\"><i>Del<\/i><\/span> <em>mandamiento de Sus labios nunca me separ\u00e9; guard\u00e9 las palabras de Su boca m\u00e1s que mi comida (Job 23:12).<\/em><br \/>\n<span style=\"margin-left: 24px;\">Leer<\/span> la Biblia una y otra vez, por lo menos dos veces al a\u00f1o, te dar\u00e1 un entendimiento general de la Palabra de Dios, que simplemente no podr\u00e1s obtener ley\u00e9ndola una vez al a\u00f1o o menos que eso. Tu mente recordar\u00e1 y conectar\u00e1 cosas de tal manera que te sorprender\u00e1s.<br \/>\n<span style=\"margin-left: 24px;\"><i>Bienaventurado<\/i><\/span> <em>el var\u00f3n que no anduvo en consejo de malos, ni estuvo en camino de pecadores, ni en silla de escarnecedores se ha sentado; sino que en la ley de Jehov\u00e1 est\u00e1 su delicia, y en Su ley medita de d\u00eda y de noche. Ser\u00e1 como \u00e1rbol plantado junto a corrientes de aguas, que da su fruto a su tiempo, y su hoja no cae; y todo lo que hace prosperar\u00e1 (Salmo 1:1\u20133).<\/em><br \/>\n<span style=\"margin-left: 24px;\">En<\/span> Harvest, todos compartimos la misma aventura de conocer a Jes\u00fas, la Palabra de Dios, a trav\u00e9s de su palabra escrita como el Esp\u00edritu Santo nos la ense\u00f1a. Cada estudiante lee la Biblia completa dos veces al a\u00f1o, y ora diariamente. Esto es requerido para recibir cr\u00e9dito por todas las clases tomadas.<br \/>\n<span style=\"margin-left: 24px;\"><i>Toda<\/i><\/span> <em>la Escritura es inspirada por Dios, y \u00fatil para ense\u00f1ar, para redarg\u00fcir, para corregir, para instruir en justicia; a fin de que el hombre de Dios sea perfecto, enteramente preparado para toda buena obra (2 Timoteo 3:16\u201317).<\/em><br \/>\n<span style=\"margin-left: 24px;\">Pide<\/span> una \u201cTabla de Lectura B\u00edblica Semanal\u201d gratis cada semana, y entrega la que tomaste la semana pasada. La oficina de la universidad mantiene una supervisi\u00f3n de esto, y los resultados son puestos en tu tarjeta de calificaciones. (Las hojas te ser\u00e1n devueltas al final del trimestre).<br \/>\n<span style=\"margin-left: 24px;\"><i>Y<\/i><\/span> <em>estos eran m\u00e1s nobles que los que estaban en Tesal\u00f3nica, pues recibieron la palabra con toda solicitud, escudri\u00f1ando cada d\u00eda las Escrituras para ver si estas cosas eran as\u00ed (Hechos 17:11).<\/em><br \/>\n<span style=\"margin-left: 24px;\">Cada<\/span> d\u00eda lee las Escrituras que est\u00e1n en la lista con una marca (ej., Mateo 1\u20137). Tambi\u00e9n lee el cap\u00edtulo de Proverbios que corresponde al d\u00eda del mes y ora por lo menos 10 minutos (explicaci\u00f3n en la siguiente secci\u00f3n). Cuando hayas hecho eso en el d\u00eda, pon una marca en la casilla apropiada, al final de la semana deber\u00e1s tener siete casillas marcadas. Entrega la lista y toma otra.<br \/>\n<span style=\"margin-left: 24px;\"><i>Nunca<\/i><\/span> <em>se apartar\u00e1 de tu boca este libro de la ley, sino que de d\u00eda y de noche meditar\u00e1s en \u00e9l, para que guardes y hagas conforme a todo lo que en \u00e9l est\u00e1 escrito; porque entonces har\u00e1s prosperar tu camino, y todo te saldr\u00e1 bien (Josu\u00e9 1:8).<\/em><br \/>\n<span style=\"margin-left: 24px;\">Te<\/span> maravillar\u00e1s de ver como la Palabra de Dios te lava, te limpia y te transforma.<br \/>\n<span style=\"margin-left: 24px;\"><i>. . . as\u00ed<\/i><\/span> <em>como Cristo am\u00f3 a la iglesia, y se entreg\u00f3 a s\u00ed mismo por ella, para santificarla, habi\u00e9ndola purificado en el lavamiento del agua por la palabra (Efesios 5:25\u201326).<\/em><\/p>\n<p style=\"text-align: justify;\"><strong>Proverbios\u00ad\u00ad\u2014El Libro Acerca del Car\u00e1cter Cristiano<\/strong><\/p>\n<p style=\"text-align: justify;\"><img loading=\"lazy\" class=\"alignright wp-image-281\" src=\"https:\/\/harvest.edu\/wpspanish\/wp-content\/uploads\/2015\/11\/NormaWendyEricMarcella1_72-300x184.jpg\" alt=\"Norma,Wendy,Eric,Marcella1_72\" width=\"450\" height=\"277\" srcset=\"https:\/\/harvest.edu\/wpspanish\/wp-content\/uploads\/2015\/11\/NormaWendyEricMarcella1_72-300x184.jpg 300w, https:\/\/harvest.edu\/wpspanish\/wp-content\/uploads\/2015\/11\/NormaWendyEricMarcella1_72-600x369.jpg 600w, https:\/\/harvest.edu\/wpspanish\/wp-content\/uploads\/2015\/11\/NormaWendyEricMarcella1_72-1024x629.jpg 1024w, https:\/\/harvest.edu\/wpspanish\/wp-content\/uploads\/2015\/11\/NormaWendyEricMarcella1_72.jpg 1126w\" sizes=\"(max-width: 450px) 100vw, 450px\" \/><span style=\"margin-left: 24px;\">A<\/span> trav\u00e9s del mundo actual los cristianos est\u00e1n siguiendo un plan que los est\u00e1 ayudando a conformarse a la im\u00e1gen del querido Hijo de Dios,\u00a0 Jesucristo (Rom. 8:29). Este plan est\u00e1 basado en el hecho de que hay 31 cap\u00edtulos en el Libro de Proverbios, as\u00ed como hay 31 d\u00edas en un mes t\u00edpico.<br \/>\n<span style=\"margin-left: 24px;\">Aqu\u00ed<\/span> est\u00e1 el plan:\u00a0 Cada d\u00eda del mes leer\u00e1s el cap\u00edtulo de Proverbios que corresponde a la fecha para ese d\u00eda. Por ejemplo, en septiembre 20 lee Proverbios cap\u00edtulo 20; en septiembre 25 lee el cap\u00edtulo 25; en mayo 7 lee el cap\u00edtulo 7 y as\u00ed sucesivamente.<br \/>\n<span style=\"margin-left: 24px;\">Haciendo<\/span> esto, comenzar\u00e1s a hacer decisiones en tu vida diaria de acuerdo a los versos que Dios te trae a tu mente, en vez de hacerlas de acuerdo a la perspectiva del mundo. Como resultado, tu vida empezar\u00e1 a prosperar m\u00e1s y m\u00e1s. As\u00ed es que, junto con tu lectura B\u00edblica diaria, lee tambi\u00e9n un cap\u00edtulo de Proverbios para ese d\u00eda del mes.<br \/>\n<i><span style=\"margin-left: 24px;\">No<\/span> os conform\u00e9is a este siglo, sino transformados por medio de la renovaci\u00f3n de vuestro entendimiento . . . (Romanos 12:2a).<\/i><br \/>\n<i><span style=\"margin-left: 24px;\">Porque<\/span> por fe andamos, no por vista (2 Cor. 5:7).<\/i><br \/>\n<span style=\"margin-left: 24px;\"><i>Porque<\/i><\/span> <em>Jehov\u00e1 da sabidur\u00eda, y de su boca viene el conocimiento y la inteligencia. . . . Cuando la sabidur\u00eda entrare en tu coraz\u00f3n, y la ciencia fuere grata a tu alma, la discreci\u00f3n te guardar\u00e1; te preservar\u00e1 la inteligencia. . . . As\u00ed andar\u00e1s por el camino de los buenos, y seguir\u00e1s las veredas de los justos (Prov. 2:6, 10\u201311, 20).<\/em><br \/>\n<span style=\"margin-left: 24px;\"><i>Hay<\/i><\/span> <em>camino que parece derecho al hombre, pero su fin es camino de muerte (Prov. 16:25).<\/em><\/p>\n<p style=\"text-align: justify;\"><strong>Construyendo Tu Vida de Oraci\u00f3n<\/strong><\/p>\n<p style=\"text-align: justify;\"><span style=\"margin-left: 24px;\">Dios<\/span> nos ama y quiere tener compa\u00f1erismo con nosotros a trav\u00e9s de la oraci\u00f3n, para Su propio contentamiento y honor, y tambi\u00e9n para nuestro beneficio, para que podamos ser refrescados, fortalecidos, y guiados en nuestras vidas diarias. M\u00e1s sin embargo, muy a menudo nos es dif\u00edcil encontrar suficiente tiempo cada d\u00eda para realmente conocer a Dios de una manera \u00edntima y profunda.<br \/>\n<span style=\"margin-left: 24px;\">Jes\u00fas<\/span> dijo, <i>\u00bfNo has podido velar una hora? Velad y orad, para que no entr\u00e9is en tentaci\u00f3n; el esp\u00edritu a la verdad est\u00e1 dispuesto, pero la carne es d\u00e9bil (Marcos 14:37b\u201338).<\/i><br \/>\n<i><span style=\"margin-left: 24px;\">Y<\/span> cuando hubo tomado el libro, los cuatro seres vivientes y los veinticuatro ancianos se postraron delante del Cordero; todos ten\u00edan arpas, y copas de oro llenas de incienso, que son las oraciones de los santos (Apoc. 5:8).<\/i><br \/>\n<img loading=\"lazy\" class=\"alignleft wp-image-12 size-full\" src=\"https:\/\/harvest.edu\/wpspanish\/wp-content\/uploads\/2015\/11\/prayer.jpg\" alt=\"prayer\" width=\"504\" height=\"314\" srcset=\"https:\/\/harvest.edu\/wpspanish\/wp-content\/uploads\/2015\/11\/prayer.jpg 504w, https:\/\/harvest.edu\/wpspanish\/wp-content\/uploads\/2015\/11\/prayer-300x187.jpg 300w\" sizes=\"(max-width: 504px) 100vw, 504px\" \/><span style=\"margin-left: 24px;\">Podemos<\/span> caer en la trampa de estar tan ocupados sirviendo a Dios que no tenemos tiempo para Dios mismo; y Dios quiere nuestros corazones y nuestro tiempo con El a\u00fan m\u00e1s de lo que podemos producir para El. Es como muchos matrimonios:\u00a0 Un hombre se casa con una muchacha porque la ama y quiere estar con ella. M\u00e1s vemos que despu\u00e9s de pasado un tiempo de matrimonio, ella puede estar tan ocupada (lavando, limpiando, cocinando, cuidando de los ni\u00f1os) que ella no tiene tiempo para su esposo cuando \u00e9l quiere estar con ella. En otras palabras, ella est\u00e1 tan ocupada siendo una esposa que realmente \u00a1no tiene tiempo de ser una esposa para \u00e9l! Jes\u00fas es el novio, nosotros somos Su novia; y Su deseo m\u00e1s ferviente es que estemos con El.<br \/>\n<i><span style=\"margin-left: 24px;\">Aconteci\u00f3<\/span> que yendo de camino, entr\u00f3 en una aldea; y una mujer llamada Marta le recibi\u00f3 en su casa. Esta ten\u00eda una hermana que se llamaba Mar\u00eda, la cual sent\u00e1ndose a los pies de Jes\u00fas, o\u00eda Su palabra. Pero Marta se preocupaba con muchos quehaceres, y acerc\u00e1ndose, dijo: \u201cSe\u00f1or, \u00bfno te da cuidado que mi hermana me deje servir sola? Dile, pues, que me ayude.\u201d Respondiendo Jes\u00fas, le dijo:\u00a0 \u201cMarta, Marta, afanada y turbada est\u00e1s con muchas cosas. Pero solo una cosa es necesaria; y Mar\u00eda ha escogido la buena parte, la cual no le ser\u00e1 quitada\u201d (Lucas 10:38\u201342).<\/i><br \/>\n<span style=\"margin-left: 24px;\">Todos<\/span> queremos realmente sentarnos a los pies de Jes\u00fas, pero muchas veces confundimos nuestras prioridades y hacemos todo lo dem\u00e1s menos lo que debemos (\u00a1como Marta!). As\u00ed es que en la universidad hemos desarrollado un plan que te ayudar\u00e1 a comenzar el d\u00eda correctamente. Cada d\u00eda pasamos por lo menos diez minutos solos en oraci\u00f3n con el Se\u00f1or, junto con nuestra asignaci\u00f3n de lectura B\u00edblica. Teniendo esto como un trabajo diario nos ayuda a conquistar nuestra carne y hacer lo que realmente queremos hacer, que es estar con nuestro Se\u00f1or.<br \/>\n<span style=\"margin-left: 24px;\">Ahora,<\/span> la calidad y duraci\u00f3n de la oraci\u00f3n depende de cada persona individualmente. Muchos estudiantes oran por una hora o mas cada d\u00eda. Podemos realmente buscar del Se\u00f1or, o lo podemos hacer de una manera seca y legalista; lo podemos hacer para agradar y honrar a Dios o simplemente como un trabajo m\u00e1s, depende de nosotros. Pero lo cierto es, que como esto es requerido, nos ayuda a seguir adelante, a\u00fan si a veces nos parece algo que no tiene mucho significado, hasta que la bendici\u00f3n de hacerlo realmente nos alcance. Es una disciplina espiritual muy provechosa.<br \/>\n<i><span style=\"margin-left: 24px;\">Dios,<\/span> Dios m\u00edo eres T\u00fa; de madrugada Te buscar\u00e9. Mi alma tiene sed de T\u00ed, mi carne te anhela, en tierra seca y \u00e1rida donde no hay aguas, para ver Tu poder y Tu gloria. As\u00ed como Te he mirado en el santuario; porque mejor es Tu misericordia que la vida; mis labios Te alabar\u00e1n, as\u00ed te bendecir\u00e9 en mi vida. En Tu nombre alzar\u00e9 mis manos, como de meollo y de grosura ser\u00e1 saciada mi alma, y con labios de j\u00fabilo Te alabar\u00e1 mi boca, cuando me acuerde de Ti en mi lecho, cuando medite en Ti en las vigilias de la noche (Salmo 63:1\u20136).<\/i><\/p>\n<h2 style=\"text-align: justify;\"><span style=\"color: #263997;\">Vida Social<\/span><\/h2>\n<p style=\"text-align: justify;\"><i><img loading=\"lazy\" class=\"alignright wp-image-417 size-full\" src=\"https:\/\/harvest.edu\/wpspanish\/wp-content\/uploads\/2015\/11\/HBU-Social-@-Matt-Lees_72.jpg\" alt=\"\" width=\"475\" height=\"326\" srcset=\"https:\/\/harvest.edu\/wpspanish\/wp-content\/uploads\/2015\/11\/HBU-Social-@-Matt-Lees_72.jpg 475w, https:\/\/harvest.edu\/wpspanish\/wp-content\/uploads\/2015\/11\/HBU-Social-@-Matt-Lees_72-300x206.jpg 300w\" sizes=\"(max-width: 475px) 100vw, 475px\" \/><span style=\"margin-left: 24px;\">Y<\/span> perseveraban en la doctrina de los ap\u00f3stoles, en la comuni\u00f3n unos con otros, en el partimiento del pan y en las oraciones. <\/i><i>&#8230; <\/i><i>Y perseverando un\u00e1ni\u00admes cada d\u00eda en el templo, y partiendo el pan en las casas, com\u00edan juntos con alegr\u00eda y sencillez de coraz\u00f3n, alabando a Dios, y teniendo favor con todo el pueblo. Y el Se\u00f1or a\u00f1ad\u00eda cada d\u00eda a la iglesia los que hab\u00edan de ser salvos (Hechos 2:42, 46\u201347).<\/i><br \/>\n<span style=\"margin-left: 24px;\">La<\/span> comuni\u00f3n y el compa\u00f1erismo son partes muy importantes en la vida cristiana. Dios ama a su familia y le gusta que est\u00e9n juntos, especialmente en estos \u00faltimos d\u00edas. Por lo tanto, usted encontrar\u00e1 un amor rico y abundante entre los estudiantes en Harvest, un verdadero cuidado y preocupaci\u00f3n unos por otros. Hay un n\u00famero limitado de \u201ceventos sociales\u201d durante el a\u00f1o, pero la mayor parte de la \u201cvida social\u201d se lleva a cabo en medio del compa\u00f1erismo del Pueblo de Cristo, as\u00ed como tambi\u00e9n en cada iglesia representada en el grupo.<br \/>\n<span style=\"margin-left: 24px;\"><i>Pero<\/i><\/span> <em>si andamos en luz, como El est\u00e1 en luz, tenemos comuni\u00f3n unos con otros, y la sangre de Jesucristo Su Hijo nos limpia de todo pecado (1 Juan 1:7).<\/em><br \/>\n<span style=\"margin-left: 24px;\">\u00danete<\/span> a nosotros, busca el ministrar a las necesidades de otros, de amor y compa\u00f1erismo y usted ver\u00e1s que tus propias necesidades sociales ser\u00e1n abundantemente satisfechas. Para encontrar GOZO, pon adelante de tu vida este \u00f3rden:\u00a0 Jes\u00fas, Otros, T\u00fa.<\/p>\n<h2 style=\"text-align: justify;\"><span style=\"color: #263997;\">Disciplina<\/span><\/h2>\n<p style=\"text-align: justify;\"><span style=\"margin-left: 24px;\">La meta de la Universidad B\u00edblica Harvest es producir hombres y mujeres de Dios, que le amen con todo su coraz\u00f3n y que vivan vidas efectivas que muestren a Jesucristo al mundo.<br \/>\n<span style=\"margin-left: 24px;\"><i>. . . siendo<\/i><\/span> <em>manifiesto que sois carta de Cristo (2 Cor. 3:3).<\/em><br \/>\n<span style=\"margin-left: 24px;\">Por<\/span> lo tanto, es importante que cada estudiante mantenga su conducta pura, santa y amorosa para poder llenar a cabalidad los prop\u00f3sitos superiores a los cuales Dios le ha llamado, mucho m\u00e1s all\u00e1 que los requerimientos educacionales. Es la calidad de la vida de la persona la que testifica al mundo y le da poder al trabajo que realiza.<br \/>\n<span style=\"margin-left: 24px;\"><i>As\u00ed<\/i><\/span> <em>que hermanos, os ruego por las misericordias de Dios, que presente\u00eds vuestros cuerpos en sacrificio vivo, santo, agradable a Dios, que es vuestro culto racional. No os conform\u00e9is a este siglo, sino transformados por medio de la renovaci\u00f3n de vuestro entendimiento, para que comprob\u00e9is cual sea la buena voluntad de Dios, agradable y perfecta (Romanos 12:1\u20132).<\/em><br \/>\n<span style=\"margin-left: 24px;\">Cada<\/span> estudiante se debe abstener en todo tiempo de tomar drogas ilegales, el abuso del alcohol, chisme, actividad sexual fuera del matrimonio, cosas que ofendan a otros y cualquier cosa que la Biblia dice que un Cristiano no debe hacer.<br \/>\n<span style=\"margin-left: 24px;\"><i>Absteneos<\/i><\/span> <em>de toda especie de mal (1 Tes. 5:22). Bueno es no comer carne, ni beber vino, ni nada en que tu hermano tropiece, o se ofenda, o se debilite (Romanos 14:21).<\/em><br \/>\n<img loading=\"lazy\" class=\"alignleft wp-image-16\" src=\"https:\/\/harvest.edu\/wpspanish\/wp-content\/uploads\/2015\/11\/discipline.jpg\" alt=\"discipline\" width=\"531\" height=\"354\" srcset=\"https:\/\/harvest.edu\/wpspanish\/wp-content\/uploads\/2015\/11\/discipline.jpg 576w, https:\/\/harvest.edu\/wpspanish\/wp-content\/uploads\/2015\/11\/discipline-300x200.jpg 300w\" sizes=\"(max-width: 531px) 100vw, 531px\" \/><span style=\"margin-left: 24px;\">La<\/span> ley del amor es nuestro principio; el Esp\u00edritu Santo nuestro gu\u00eda. Sabemos que no es posible definir la espiritualidad por reglas, pero Dios si nos ha dado principios b\u00e1sicos de honestidad, moralidad y amor que claramente nos muestran lo que una vida espiritual debe tener. Un estudiante que insiste en vivir una vida que no representa a Jesucristo le ser\u00e1 llamada la atenci\u00f3n por el Decano o el grupo de directores, y puede ser que si \u00e9l o ella sigue insistiendo en vivir una vida desordenada y contraria a los principios b\u00edblicos, sea suspendido de la universidad. El estudiante podr\u00e1 m\u00e1s tarde ser reinstitu\u00eddo si muestra evidencia de arrepentimiento y rectifica la ofensa, y si la facultad y la administraci\u00f3n decide que \u00e9l o ella sean reinstitu\u00eddos.<br \/>\n<span style=\"margin-left: 24px;\">A<\/span> continuaci\u00f3n tenemos unas cuantas porciones B\u00edblicas al respecto:<br \/>\n<span style=\"margin-left: 24px;\">Jes\u00fas<\/span> dijo, <i>Porque de dentro, del coraz\u00f3n de los hombres, salen los malos pensamientos, los adulterios, las fornicaciones, los homicidios, los hurtos, las avaricias, las maldades, el enga\u00f1o, la lascivia, la envidia, la maledicencia, la soberbia, la insensatez. Todas estas maldades de dentro salen, y contaminan al hombre (Marcos 7:21\u201323).<\/i><br \/>\n<span style=\"margin-left: 24px;\"><i>M\u00e1s<\/i><\/span> <em>bien os escrib\u00ed que no os junte\u00eds con ninguno que, llam\u00e1ndose hermano, fuere fornicario, o avaro, o id\u00f3latra, o maldiciente, o borracho o ladr\u00f3n; con el tal ni aun com\u00e1is. Porque \u00bfqu\u00e9 raz\u00f3n tendr\u00eda yo para juzgar a los que est\u00e1n fuera? \u00bfNo juzg\u00e1is vosotros a los que est\u00e1n dentro? Porque a los que est\u00e1n fuera, Dios juzgar\u00e1. Quitad, pues, a ese perverso de entre vosotros (1 Cor. 5:11\u201313).<\/em><br \/>\n<span style=\"margin-left: 24px;\"><i>Y<\/i><\/span> <em>manifiestas son las obras de la carne que son:\u00a0 adulterio, fornicaci\u00f3n, inmundicia, lascivia, idolatr\u00eda, hechicer\u00edas, enemistades, pleitos, celos, iras, contiendas, disensiones, herej\u00edas, envidias, homicidios, borracheras, org\u00edas, y cosas semejantes a estas; acerca de las cuales os amonesto, como ya os lo he dicho antes, que los que practican tales cosas no heredar\u00e1n el reino de Dios. Mas el fruto del Esp\u00edritu es amor, gozo, paz, paciencia, benignidad, bondad, fe, mansedumbre, templanza; contra tales cosas no hay ley (G\u00e1latas 5:19\u201323).<\/em><br \/>\n<span style=\"margin-left: 24px;\"><i>Tambi\u00e9n<\/i><\/span> <em>debes saber esto:\u00a0 que en los postreros d\u00edas vendr\u00e1n tiempos peligrosos. Porque habr\u00e1 hombres amadores de s\u00ed mismos, avaros, vana\u00adgloriosos, soberbios, blasfemos, desobedientes a los padres, ingratos, imp\u00edos, sin afecto natural, implacables, calumniadores, intemperantes, crueles, aborrecedores de lo bueno, traidores, impetuosos, infatuados, amadores de los deleites m\u00e1s que de Dios, que tendr\u00e1n apariencia de piedad, pero negar\u00e1n la eficacia de ella; a estos evita. Porque de estos son los que se meten en las casas y llevan cautivas a las mujercillas cargadas de pecados, arrastradas por diversas concupiscencias. Estas siempre est\u00e1n aprendiendo, y nunca pueden llegar al conocimiento de la verdad (2 Timoteo 3:1\u20137).<\/em><br \/>\n<span style=\"margin-left: 24px;\">Vea<\/span> tambi\u00e9n el Serm\u00f3n del Monte, Mateo cap\u00edtulos 5\u20137, para un buen resumen de la ense\u00f1anzas mayores de Jes\u00fas.<\/span><\/p>\n","protected":false},"excerpt":{"rendered":"<p>Responsabilidad del Estudiante La universidad existe para servir a los estudiantes, desarrollando y enriqueciendo sus vidas. Por lo tanto, hacemos cuanto m\u00e1s se pueda para ayudar a cada estudiante a triunfar en la universidad y en su vida. Una de las cualidades m\u00e1s importantes que una persona puede tener en la vida es la iniciativa,&#8230; <\/p>\n","protected":false},"author":1,"featured_media":17,"parent":0,"menu_order":0,"comment_status":"closed","ping_status":"closed","template":"page-full.php","meta":[],"_links":{"self":[{"href":"https:\/\/harvest.edu\/wpspanish\/wp-json\/wp\/v2\/pages\/26"}],"collection":[{"href":"https:\/\/harvest.edu\/wpspanish\/wp-json\/wp\/v2\/pages"}],"about":[{"href":"https:\/\/harvest.edu\/wpspanish\/wp-json\/wp\/v2\/types\/page"}],"author":[{"embeddable":true,"href":"https:\/\/harvest.edu\/wpspanish\/wp-json\/wp\/v2\/users\/1"}],"replies":[{"embeddable":true,"href":"https:\/\/harvest.edu\/wpspanish\/wp-json\/wp\/v2\/comments?post=26"}],"version-history":[{"count":25,"href":"https:\/\/harvest.edu\/wpspanish\/wp-json\/wp\/v2\/pages\/26\/revisions"}],"predecessor-version":[{"id":791,"href":"https:\/\/harvest.edu\/wpspanish\/wp-json\/wp\/v2\/pages\/26\/revisions\/791"}],"wp:featuredmedia":[{"embeddable":true,"href":"https:\/\/harvest.edu\/wpspanish\/wp-json\/wp\/v2\/media\/17"}],"wp:attachment":[{"href":"https:\/\/harvest.edu\/wpspanish\/wp-json\/wp\/v2\/media?parent=26"}],"curies":[{"name":"wp","href":"https:\/\/api.w.org\/{rel}","templated":true}]}}