{"id":388,"date":"2016-01-20T05:52:22","date_gmt":"2016-01-20T05:52:22","guid":{"rendered":"http:\/\/harvest.edu\/wpspanish\/?page_id=388"},"modified":"2017-11-19T19:52:33","modified_gmt":"2017-11-19T19:52:33","slug":"departamento-de-evangelismo","status":"publish","type":"page","link":"https:\/\/harvest.edu\/wpspanish\/departamento-de-evangelismo\/","title":{"rendered":"DEPARTAMENTO DE EVANGELISMO"},"content":{"rendered":"<h2 style=\"text-align: justify;\"><strong><span style=\"color: #263997;\">EV-141<\/strong><\/span>\u00a0 Evangelismo<\/strong><\/h2>\n<p style=\"text-align: justify;\"><span style=\"margin-left: 24px;\">La<\/span> palabra \u201cevangelismo\u201d significa llevar el mensaje de buenas nuevas acerca de la salvaci\u00f3n a trav\u00e9s de Cristo Jes\u00fas a la gente. Jes\u00fas predica el evangelio hoy a trav\u00e9s de nosotros, porque nosotros constituimos su cuerpo (1 Cor. 12:27). \u00bfComo aprendemos a evangelizar? Principalmente, haci\u00e9ndolo. Este curso se trata de experiencia actual en el  campo evangelistico. Cada estudiante busca una oportunidad de ser parte de un programa de evangelismo de por los menos una hora-y-media por semana, usualmente en su propia iglesia, y luego entrega reportes semanales. Un resumen de un libro completa el curso. (2 unidades por trimestre)<\/p>\n<div class=\"aligncenter\" style=\"width: full; height: 2px; background-color: #263997; font-size: 0;\"><\/div>\n<h2 style=\"text-align: justify;\"><strong><span style=\"color: #263997;\"><br \/>\nEV-197<\/strong><\/span>\u00a0 Evangelizaci\u00f3n con Poder<\/strong><\/h2>\n<p style=\"text-align: justify;\"><span style=\"margin-left: 24px;\">En<\/span> veces cuando evangelizamos, lo hacemos simplemente para lograr decisiones de nuestros oyentes; es decir solo presentamos el evangelio de una manera intelectual. \u00a1Pero as\u00ed no es como Jes\u00fas y sus ap\u00f3stoles predicaban el evangelio! Si vemos los evangelios, Jes\u00fas siempre combino la proclamaci\u00f3n del Reino de Dios con la demostraci\u00f3n de su poder (expulsi\u00f3n de demonios, sanidad de enfermos, resucitaci\u00f3n de muertos, etc). Estas manifestaciones del poder del Reino de Dios romp\u00edan la resistencia de las personas y llamaban la atenci\u00f3n sobre las buenas nuevas de Jesucristo. No sorprende, entonces, que Jes\u00fas haya sido tan eficaz en la evangelizaci\u00f3n. En este curso estudiaremos la manera que el Se\u00f1or Jes\u00fas evangelizaba, para que nosotros tambi\u00e9n podamos evangelizar con poder! (2 unidades)<\/p>\n<div class=\"aligncenter\" style=\"width: full; height: 2px; background-color: #263997; font-size: 0;\"><\/div>\n<h2 style=\"text-align: justify;\"><strong><span style=\"color: #263997;\"><br \/>\nEV-229<\/strong><\/span>\u00a0 C\u00f3mo Ganar a Otros para Cristo<\/strong><\/h2>\n<p style=\"text-align: justify;\"><span style=\"margin-left: 24px;\">No<\/span> hay nada m\u00e1s emocionante que ganar a alguien para Cristo. Jes\u00fas dijo, <em>Hay gozo en la presencia de los \u00e1ngeles de Dios por un pecador que se arrepiente (Lu. 15:10)<\/em>, y los creyentes en todas partes tambi\u00e9n se regocijan cuando un nuevo creyente nace en el reino de Dios. Pero, \u00bfcu\u00e1les son algunas de las mejores maneras para ganar a otros para Cristo? Este curso te preparar\u00e1 para compartir tu fe efectivamente y a\u00fan mejor, para traer almas a la salvaci\u00f3n en Cristo. (2 unidades)<\/p>\n<div class=\"aligncenter\" style=\"width: full; height: 2px; background-color: #263997; font-size: 0;\"><\/div>\n<h2 style=\"text-align: justify;\"><strong><span style=\"color: #263997;\"><br \/>\nEV-272<\/strong><\/span>\u00a0 Dios en el mercado<\/strong><\/h2>\n<p style=\"text-align: justify;\"><span style=\"margin-left: 24px;\">Hay<\/span> m\u00e1s de 100 millones de estadounidenses que trabajan a tiempo completo en este pa\u00eds. Es un gran campo misionero con maravillosas oportunidades para ser ministros de reconciliaci\u00f3n, capellanes, y modelos de conducta de integridad. Esta clase ser\u00e1 un desaf\u00edo para salir de su idea preconcebida de que Dios no pertenece en el negocio y que no eres digno de representarlo all\u00ed. Tambi\u00e9n detallara c\u00f3mo la iglesia primitiva fue un movimiento de gente de negocios en el mercado que a la vez amaban a Jes\u00fas y quer\u00edan darlo a conocer.<br \/>\n<span style=\"margin-left: 24px;\">Habr\u00e1<\/span> una discusi\u00f3n sobre la introducci\u00f3n de la \u00e9tica cristiana en el mercado con los dilemas de la vida real que nos enfrentamos cada d\u00eda. Vamos a terminar el curso con una oportunidad para la oraci\u00f3n y para ser comisionados como los nuevos \u201cministros de mercado\u201d librados para servir en este campo misionero poderoso y rico. (2 unidades)<\/p>\n<div class=\"aligncenter\" style=\"width: full; height: 2px; background-color: #263997; font-size: 0;\"><\/div>\n<h2 style=\"text-align: justify;\"><strong><span style=\"color: #263997;\"><br \/>\nEV-307<\/strong><\/span>\u00a0 El Evangelismo de Servicio<\/strong><\/h2>\n<p style=\"text-align: justify;\"><span style=\"margin-left: 24px;\">\u201cNo<\/span> existe nada como un almuerzo gratis,\u201d dice el mundo. Como resultado, la gente tiene mucho problema en entender que la salvaci\u00f3n es un regalo gratis que Cristo ofrece (Rom. 6:23), o que alguien estuviera genuinamente interesado en ellos sin querer nada m\u00e1s. En el Imperio Romano los Cristianos primitivos gradualmente ganaron sobre las fuerzas malignas sirviendo a otros sin esperar nada. El Evangelismo de Servicio es un plan para servir a otros de esta manera, con el resultado que algunos de ellos eventualmente ver\u00e1n el amor de Dios y puedan ser ganados para Cristo. (2 unidades)<\/p>\n<div class=\"aligncenter\" style=\"width: full; height: 2px; background-color: #263997; font-size: 0;\"><\/div>\n<h2 style=\"text-align: justify;\"><strong><span style=\"color: #263997;\"><br \/>\nEV-342<\/strong><\/span>\u00a0 Evangelismo a Fondo<\/strong><\/h2>\n<p style=\"text-align: justify;\"><span style=\"margin-left: 24px;\">\u00bfCu\u00e1l es el m\u00e1s efectivo m\u00e9todo de evangelismo? La respuesta es simple. Cuando una persona se ve a si mismo como un pecador, y viene al conocimiento de que Dios es el \u00fanico que puede salvarle. Esa persona se convierte a Jesucristo, le acepta como Se\u00f1or y Salvador y nace de nuevo. Hay una genuina y apasionada energ\u00eda que cada creyente experimenta cuando \u00e9l o ella se enamora de Jesucristo. Cada creyente, desde el momento de su nuevo nacimiento, se convierte en un m\u00e9todo \u00fanico de evangelismo. En este curso ver\u00e1s que el evangelismo no es un programa o una t\u00e9cnica en particular, sino una persona que, sin poder a\u00fan articular lo que \u00e9l hace, obtiene grandes triunfos de una forma natural. Este curso es dise\u00f1ado para corregir errores acerca del evangelismo y para ense\u00f1arte c\u00f3mo descubrir el m\u00e9todo especial de evangelismo que Dios ha creado para ti. (2 unidades)<\/p>\n","protected":false},"excerpt":{"rendered":"<p>EV-141\u00a0 Evangelismo La palabra \u201cevangelismo\u201d significa llevar el mensaje de buenas nuevas acerca de la salvaci\u00f3n a trav\u00e9s de Cristo Jes\u00fas a la gente. Jes\u00fas predica el evangelio hoy a trav\u00e9s de nosotros, porque nosotros constituimos su cuerpo (1 Cor. 12:27). \u00bfComo aprendemos a evangelizar? Principalmente, haci\u00e9ndolo. Este curso se trata de experiencia actual en&#8230; <\/p>\n","protected":false},"author":1,"featured_media":0,"parent":0,"menu_order":0,"comment_status":"closed","ping_status":"closed","template":"page-full.php","meta":[],"_links":{"self":[{"href":"https:\/\/harvest.edu\/wpspanish\/wp-json\/wp\/v2\/pages\/388"}],"collection":[{"href":"https:\/\/harvest.edu\/wpspanish\/wp-json\/wp\/v2\/pages"}],"about":[{"href":"https:\/\/harvest.edu\/wpspanish\/wp-json\/wp\/v2\/types\/page"}],"author":[{"embeddable":true,"href":"https:\/\/harvest.edu\/wpspanish\/wp-json\/wp\/v2\/users\/1"}],"replies":[{"embeddable":true,"href":"https:\/\/harvest.edu\/wpspanish\/wp-json\/wp\/v2\/comments?post=388"}],"version-history":[{"count":2,"href":"https:\/\/harvest.edu\/wpspanish\/wp-json\/wp\/v2\/pages\/388\/revisions"}],"predecessor-version":[{"id":805,"href":"https:\/\/harvest.edu\/wpspanish\/wp-json\/wp\/v2\/pages\/388\/revisions\/805"}],"wp:attachment":[{"href":"https:\/\/harvest.edu\/wpspanish\/wp-json\/wp\/v2\/media?parent=388"}],"curies":[{"name":"wp","href":"https:\/\/api.w.org\/{rel}","templated":true}]}}